actors of r.
2, 3
Suppose 2*r = 6*r + 80. Let u be (-15)/r + 54/(-8). Let k = u - -39. List the prime factors of k.
3, 11
Let c be ((-138)/(-4))/(12/16). Let k = 15 + c. What are the prime factors of k?
61
Let v(r) = -2*r + 15. Let y be v(13). Let j = y + 35. Suppose -3*w - j = -207. List the prime factors of w.
61
List the prime factors of (43 - 4)/(3/47).
13, 47
Let f(i) = -i**3 + 7*i**2 - 4*i + 9. Let u be f(6). Suppose v = u + 26. What are the prime factors of v?
47
List the prime factors of (-2)/3 + 21012/9 + -17.
7, 331
Let x be (0 - -3) + (-9)/9. Suppose 2*h - 30 = -4*m, 3*m - 5 = x*h + 7. List the prime factors of (21/m)/(3/18).
3, 7
Let q = -397 + 278. What are the prime factors of q/(0 + -4 + (-9)/(-3))?
7, 17
Let m be 10/3*(-72)/(-40). Let q(n) = n**2 - 7*n + 7. Let j(b) = b**2 - 8*b + 8. Let o(k) = m*q(k) - 5*j(k). List the prime factors of o(6).
2, 13
Suppose 6*h - 884 = -260. List the prime factors of h.
2, 13
Let o(i) = -6*i**3 + 10*i**2 + 8*i + 4. Let c(d) = 7*d**3 - 10*d**2 - 7*d - 5. Let n(a) = 5*c(a) + 6*o(a). List the prime factors of n(10).
3, 43
Let k(z) = -15739*z**3 - z**2 + z - 1. Let r be k(1). List the prime factors of 3 + 41/(-13) + r/(-65).
2, 11
Let k(x) be the second derivative of -x**5/20 + 2*x**3/3 - x**2/2 + 23*x. What are the prime factors of k(-4)?
47
Let i = 71 - 63. Suppose 23*p = i*p + 705. What are the prime factors of p?
47
Suppose 2*p + 17 - 5 = 0. List the prime factors of (-2 - (-80)/(-6))*p/4.
23
Let j(w) = -w**2 + 4*w - 7. Let h be j(13). Let v = 46 - h. What are the prime factors of v?
2, 5, 17
What are the prime factors of -5 - ((-3600)/6 - -5)?
2, 5, 59
Suppose 0*c = -4*g - 4*c + 24, -3 = -5*g + 4*c. Suppose -g*u + 9 = -0*u. Suppose 0 = -o - u, -x + 3*o = -5*x + 171. What are the prime factors of x?
3, 5
Let b be ((-393)/(-12))/(4/32). Suppose 5*w - 4*g = b, 2*w + 3*g - 35 = 79. What are the prime factors of w?
2, 3
Let o(k) = -2 + 14*k + 2 - 6 - k**2 + 0. What are the prime factors of o(13)?
7
Let v(q) = 2*q**3 - q**2 + q. Suppose 0*i = i - 1. Let x be v(i). Let s = 29 + x. What are the prime factors of s?
31
Let r = -6379 + 9968. List the prime factors of r.
37, 97
Let o(n) = -n**3 + n**2 - n + 2. Let l be o(3). Suppose 5*y + 4 = -m + 56, 0 = 2*m + 5*y - 104. Let q = l + m. List the prime factors of q.
3, 11
Let f be 49/14 + 2/(-4). Suppose f*u + 421 = 2*c + 60, 3*u = -4*c - 349. Let j = -81 - u. What are the prime factors of j?
2, 19
Let h = -56 - -95. Suppose 0 = 5*m + 2*u - 103, m - h = -m - 3*u. What are the prime factors of m?
3, 7
Suppose 7*s + 7 - 7 = 0. Suppose 5*w + 2*y - 304 = s, w + 0*y - 56 = -2*y. What are the prime factors of w?
2, 31
List the prime factors of (1362/8)/((-69)/(-368)).
2, 227
Suppose -5*m = -x - 15264, 3*x - 6092 = -2*m - 0*x. What are the prime factors of m?
2, 7, 109
Suppose -2*q = 44*q - 89930. What are the prime factors of q?
5, 17, 23
What are the prime factors of (-3)/9 + 842/6?
2, 5, 7
Let b(z) = -z**2 - 2*z + 9. Let h be b(0). Let g be 3/h + 618/9. Let i = -17 + g. What are the prime factors of i?
2, 13
Suppose d - g - 4 - 3 = 0, 0 = 4*d + 5*g - 55. List the prime factors of (214 - d) + 0 + -1.
7, 29
Let s = 677 + 238. What are the prime factors of s?
3, 5, 61
List the prime factors of (-988)/(-57)*(-39)/(-2).
2, 13
Let t(b) = -8*b**2 + 0*b + 18 - 14*b + 14 + 9*b**2. What are the prime factors of t(19)?
127
Let n = 1013 + 380. What are the prime factors of n?
7, 199
Let m(z) be the second derivative of 1/6*z**3 + 5/2*z**2 + 0 - 9*z. What are the prime factors of m(6)?
11
Let f = -112 + 110. List the prime factors of (-1)/(-1*f/(-462)*3).
7, 11
Let j be 74055/135 + 8/18. Suppose -5*t + m = -3*t - 225, -5*t - 2*m = -j. What are the prime factors of t?
3, 37
Let w(d) = -3*d**2 + 10*d + 8. Let r be w(-6). Let k be (-2)/(-3) - r/(-6). Let z = k + 42. What are the prime factors of z?
2
What are the prime factors of -2 - -3 - 6 - -70*19?
5, 53
Let z(k) = 5 - 13 - 1 - 6*k. What are the prime factors of z(-5)?
3, 7
Suppose 10*k = 5*k + 1435. What are the prime factors of k?
7, 41
List the prime factors of (39/(-15) - -2) + (-2683)/(-5).
2, 67
Suppose 5*r + 3*k - 5*k = 405, 5*r - 4*k - 395 = 0. Suppose -5*n = -4*n - r. What are the prime factors of n?
83
Let f(i) = 2*i**2 + 7*i - 6. Let s be f(-6). Suppose -2*q - s = -3*q. List the prime factors of q.
2, 3
Let w(o) = -5*o + 4*o + 12 - 9*o. List the prime factors of w(-14).
2, 19
Let v be (21/14)/(3/4). Let p(j) = -2 - 3 - j**v - 7*j + j + 1. List the prime factors of p(-2).
2
Suppose a - 229 = 4*x, 654 = -3*a + 6*a - x. Suppose k - 187 = 4*n, -2*n = k - 0*n - a. List the prime factors of k.
3, 23
Let y = 47 + 19. Let k be y/10 - (-2)/5. Suppose -4*q = -k*q + 72. List the prime factors of q.
2, 3
Let k be (-2)/(-6) - (-3)/(-9). Suppose w + 0*z - 45 = -5*z, k = -2*z - 8. What are the prime factors of w?
5, 13
Suppose 3*v - q - 6057 = 510, -5*v - 4*q = -10945. List the prime factors of v.
11, 199
Let h = 25 - -29. Suppose -161 = -a - h. List the prime factors of a.
107
Let x(m) be the second derivative of m - m**2 + 1/20*m**5 - 1/2*m**3 + 5/12*m**4 + 0. What are the prime factors of x(-4)?
2, 13
Let o = 91 + 141. What are the prime factors of o?
2, 29
Suppose 247*b - 3280 = 245*b. What are the prime factors of b?
2, 5, 41
Let a = -1119 - -1793. List the prime factors of a.
2, 337
Let w(y) = 2*y**3 + 2*y**2 - 2*y - 3. Let p be w(-2). Let v = p + 7. Let i = 11 + v. What are the prime factors of i?
11
Let h = -10 - -10. Suppose h*t - 105 = -t. Suppose -3*l + 0*l = -t. What are the prime factors of l?
5, 7
Let h be (14/4)/(39/12 + -3). What are the prime factors of 2/(4/(-110)*(-10)/h)?
7, 11
Let i be -1 + (3 - (-3 + 5)). Suppose i = 28*p - 24*p. Suppose p*x + 2*x - 18 = 0. What are the prime factors of x?
3
Suppose -7*m = -3*m. Suppose -3*f + 3*o + 137 = 2*o, f - o - 49 = m. What are the prime factors of f/20 + (-2)/10?
2
Let q = -15 + 291. Suppose 0 = -4*x + 2*x + q. What are the prime factors of x?
2, 3, 23
Let l(r) = 2*r + 26. Let v be l(-13). Suppose 0 = -q - v*q + 9. List the prime factors of q.
3
Suppose 356*h = 344*h + 66408. What are the prime factors of h?
2, 2767
Let t be 6/4*(-8)/(-6). Suppose 7*r - 25 = t*r. Suppose 2*k + 20 = r*x + 4*k, -2*x = 4*k + 8. What are the prime factors of x?
2, 3
Let g be 0 - (2 + 1 + 6). Let k(q) = -q**3 - 9*q**2 + 6. What are the prime factors of k(g)?
2, 3
Suppose h + 45 = 209. Let y = h + -101. What are the prime factors of y?
3, 7
Let d(q) = 2*q**2 + 45*q + 492. List the prime factors of d(-17).
5, 61
Let s = -1086 + 2404. What are the prime factors of s?
2, 659
Suppose 0 = 3*t + 5*f - 72 + 753, -441 = 2*t - f. Let m = 432 + t. What are the prime factors of m?
2, 3, 5, 7
Let i = -733 - -1284. List the prime factors of i.
19, 29
Let a be (-1)/1*(1 - 6). Suppose -a*n + 256 = -104. List the prime factors of n.
2, 3
Let v = 34 + -30. Suppose 3 - 171 = -v*w. List the prime factors of w.
2, 3, 7
What are the prime factors of 1 + (-47267)/(-12) + (-221)/(-2652)?
2, 5, 197
Let f(l) = -7*l**3 + 3*l**2 + 12*l + 5. Let c(j) = 2*j - 13. Let u be c(5). What are the prime factors of f(u)?
5, 37
Let c(s) = s**2 - 20*s + 16. Let z be c(10). Let i = z - -132. What are the prime factors of i?
2, 3
Let v be (-10)/(-20) - 786/(-4). Let p = -95 + v. List the prime factors of p.
2, 3, 17
Let z = 5134 + -746. List the prime factors of z.
2, 1097
Suppose l + 3*m - 22 = -0*m, 4*l = 4*m + 56. Suppose -s - 3*s = l. What are the prime factors of (-49)/(-2)*(s - -6)?
7
Let j(z) = z**2 - 4*z - 8. Let q(d) = 28*d**2 - d + 1. Let u be q(-1). Suppose -4*a - g + 12 = -2*a, -5*g = 5*a - u. What are the prime factors of j(a)?
2
Let x = 350 - 194. What are the prime factors of x?
2, 3, 13
Let a = 17 - 10. Suppose -5*n + 32 - a = 0. What are the prime factors of ((-158)/(-6))/(n/15)?
79
Let x(u) = 9*u**2 + 1. Let o be x(3). Suppose 0 = -2*m - c + 128, -55 = -m - 4*c - 5. Suppose m = 4*q - o. List the prime factors of q.
37
Let a(g) = -13*g + 39. Let r be a(9). Let w = 235 + r. List the prime factors of w.
157
List the prime factors of -5 - (-3 - (21 - -1)).
2, 5
Suppose 0*z + 4*z - 7 = k, -5*k - 2*z + 31 = 0. Suppose 3*u + 12 = 7*u, k*u - 417 = -2*n. List the prime factors of n.
3, 67
Suppose 4*b = -2*b - 126.